 the highest common divisor of 33 and g?
11
Let s be (0 - -1)/((-2)/6). Let r be 1*(s - -1 - -5). Calculate the highest common factor of 33 and r.
3
Let k(r) be the third derivative of r**4/12 + r**3/2 + 4*r**2. Let q be k(13). Calculate the greatest common factor of q and 87.
29
Let a be (1/(-2))/(8 - (-5670)/(-708)). What is the greatest common factor of a and 236?
59
Suppose -36 + 9 = 4*i + 5*g, -5*i - 40 = 5*g. Let c = 6 - i. What is the greatest common divisor of c and 19?
19
Let i be (-1)/4 + (-11879)/(-28). What is the greatest common factor of 53 and i?
53
Let b(a) = -a**3 - 43*a - 25 - 39*a + 13*a**2 + 85*a. Let t be b(13). What is the greatest common divisor of 224 and t?
14
Let d be (-76)/(-114) - ((-208)/(-6))/(-2). Suppose 2*j = -y + 9, 15*j - 2*y + 13 = d*j. What is the highest common divisor of j and 25?
5
Let d be 6/15 - (-129)/15. Suppose -6*v - 30 = -9*v. Let l = v - d. What is the greatest common factor of 5 and l?
1
Suppose 8646 = 18*d + 3246. What is the greatest common factor of 240 and d?
60
Suppose -u - 1 + 7 = 0. Suppose -31 = 5*c - 151. Let o be (-2)/(-4)*(c - 6). What is the highest common divisor of o and u?
3
Let b = -24 + 44. Let j(u) = -u**2 + 7*u - 1. Let p be j(4). Let r be 552/p - (-6)/(-33). What is the greatest common factor of r and b?
10
Let l = -28 + 31. Let d be 5 + 5 - 2 - -1*l. Calculate the greatest common factor of d and 44.
11
Let u be 2/((-6)/(-9)) - -1. Suppose -2*f = 3*v - 354, -f = -3*f + u*v + 340. Suppose -5*a = a - f. Calculate the highest common divisor of a and 58.
29
Suppose -w - 5*q + 78 = -171, 1289 = 5*w + 3*q. Calculate the greatest common divisor of 148 and w.
37
Let z(l) = -l**3 + 15*l**2 - 13*l - 25. Suppose -10*u + 15*u - 65 = 0. Let v be z(u). What is the highest common divisor of 18 and v?
18
Let t = 111 - 104. Suppose 0 = b + t - 24. Calculate the highest common factor of b and 187.
17
Let b(y) = -14*y + 868. Let x be b(43). Calculate the highest common factor of 4 and x.
2
Let i = 25 + -21. Suppose -i*t - 4 = -20, 0 = -4*c - 4*t + 64. What is the greatest common factor of 30 and c?
6
Suppose 21 + 11 = 2*c. Suppose 0 = -2*h + 3*h - 3*v + 43, 4*h - v + 117 = 0. Let i = 30 + h. What is the highest common factor of c and i?
2
Let l = -24 - -766. Calculate the highest common divisor of 424 and l.
106
Let t(o) = -20*o - 36. Let j be t(-6). Suppose -j = -6*q + 18. What is the greatest common divisor of 17 and q?
17
Let n(z) = z**2 - 3*z - 53. Let i be n(9). What is the greatest common factor of i and 37?
1
Let i be (30/2)/((-8)/(-40)). Let w = 85 - i. Calculate the highest common divisor of w and 90.
10
Let n(q) = -q**3 + 23*q**2 + 17. Let v be n(23). Calculate the greatest common divisor of 85 and v.
17
Suppose -39 = -3*c + 2*w, -c + 4*c + 3*w = 39. Calculate the highest common divisor of c and 1.
1
Let g = -684 - -1152. What is the highest common factor of g and 104?
52
Suppose -8*r + 45580 = 78*r. Calculate the greatest common divisor of r and 50.
10
Let i(r) = -2*r + 52. Let k be i(24). Let q(c) = 12*c - 24. Let s be q(k). What is the greatest common divisor of 8 and s?
8
Let j = 240 - 224. Calculate the greatest common divisor of 152 and j.
8
Suppose 66 = 3*l - 186. Suppose 2*y - 60 = l. Let j = -12 - -20. Calculate the greatest common factor of j and y.
8
Suppose -4*q = 3*i - 156, -4*i + 205 = 5*q - 4. Let l be (-3860)/12 - 4/12. Let z = -182 - l. What is the greatest common divisor of z and i?
28
Suppose 1 = 5*s + 4*g + 17, 5*g = -20. Suppose s = -3*a + b + 8, -a + 4*b - 16 = -b. Let k be 122/6 + 2/(-6). Calculate the highest common factor of a and k.
4
Suppose b + 0*b - 26 = 3*j, -j - 5*b = 14. Let c = -6 - j. Suppose c*t + 0*t = 42. Calculate the greatest common factor of t and 70.
14
Let d = 1 - 72. Let x be 3/(-15) - d/5. Suppose 13*u - x = 12*u. What is the highest common divisor of 56 and u?
14
Let g be 2*(3/5 - 24/15). Let h be ((-153)/g)/3 + 9/(-18). What is the highest common divisor of h and 10?
5
Let h = -134 - -420. What is the highest common divisor of h and 39?
13
Let h(d) = d**3 - 25*d**2 + 6*d + 26. Let i be (-64)/224 - 177/(-7). Let f be h(i). Calculate the highest common factor of f and 16.
16
Suppose -4*k + 0*k = -x + 100, -5*x - 4*k + 500 = 0. Suppose -x = -4*d + 152. Suppose 0 = -17*h + 18*h - 9. Calculate the highest common factor of h and d.
9
Let d(h) = 169*h - 34. Let w be d(6). What is the greatest common factor of w and 40?
20
Let u = -201 - -418. Let y(p) = 13*p**2 - 2*p + 1. Let q be y(-2). Let h = 88 - q. What is the greatest common divisor of h and u?
31
Suppose 3*q + 2*z - 130 = 0, 5*q - 4*z = 179 + 1. Calculate the greatest common divisor of q and 210.
10
Suppose 0 = -3*r - 0 + 6. Suppose 1 = v - r. Suppose -v*p + 16 = 2*p + 3*l, 0 = 2*p + l - 7. Calculate the greatest common divisor of p and 5.
5
Suppose -z = -0*z - 88. Suppose 4*r + 15 = -2*j + 47, 0 = -3*r - j + 24. What is the greatest common divisor of z and r?
8
Suppose -3*a - 5*v = -370, -90 = -a - v + 32. Let x(s) = 4*s - 177. Let o be x(48). What is the highest common factor of a and o?
15
Suppose -9 - 5 = r. Let j = r - -42. Let b(l) = l + 9. Let a be b(5). What is the highest common factor of j and a?
14
Let g be (40/14)/(28/294). Calculate the greatest common divisor of 290 and g.
10
Suppose -1057 = -5*f + 978. Calculate the greatest common divisor of 11 and f.
11
Let s be 3/(4/((-460)/(-5))). What is the highest common divisor of 161 and s?
23
Let s be 0 - (-21)/(-1) - 3. Let n = 24 + s. Suppose 5*l - 70 + n = 0. Calculate the highest common factor of l and 7.
7
Let t(c) be the second derivative of 7*c**3/6 - 34*c**2 - 2*c + 2. Let n be t(24). What is the highest common divisor of n and 4?
4
Let y be ((-28)/4)/((-2)/72) - -3. Suppose -136 = -4*h - 4*u + 356, u = 2*h - y. What is the highest common divisor of h and 14?
14
Let o be (-92)/20 - 3/(-5). Let y be ((-120)/(-18))/(o/(-6)). Calculate the greatest common factor of 80 and y.
10
Let o be (-7416)/(-216) + 0 + (-2)/(-3). What is the highest common divisor of 1435 and o?
35
Let s = -18 + 18. Suppose -3*o + 51 = -s*o. What is the highest common factor of o and 34?
17
Let s be 0/2 - (-2 + -1). Let z = -10 - -25. What is the highest common divisor of z and s?
3
Let b(n) = -n + 22. Let i be b(13). Suppose g - 1 = i. What is the greatest common factor of g and 40?
10
Let k be (15 - 2)/((-1)/(-3)). Suppose -5*f + 11 = -k. Let i be 2/(402/50 - 8). Calculate the greatest common factor of f and i.
10
Let v = 116 - 90. Calculate the greatest common divisor of 104 and v.
26
Let j be (-5 + 77/21)/((-2)/27). Let r be ((-66)/j + -2)*-3. What is the greatest common divisor of 68 and r?
17
Let s = -28 + 48. Suppose s*k = 17*k + 180. What is the highest common divisor of 40 and k?
20
Suppose -1 = -3*n + 2*f - 0, -5*n + 4*f = -5. Let l(j) = 3*j**2 + j - 6. Let i be l(n). Calculate the greatest common factor of i and 9.
9
Let r = 52 - 32. Let i = 40 - 35. Suppose 3*x = 3*s, 0 = i*s + 3*x + x - 45. What is the highest common divisor of s and r?
5
Let t(y) = -y - 14. Let s be t(-23). Let n(k) = 18*k**3 + 3*k**2 - 3*k + 3. Let d be n(2). What is the highest common factor of d and s?
9
Let v(y) = -95*y + 577. Let r be v(6). Calculate the highest common divisor of 1 and r.
1
Suppose -r + 2 = -0*r. Let q be -1 - (r + -2 + -535). Let t be (-2)/(-9) - q/(-27). What is the highest common factor of 5 and t?
5
Let a(k) = k**2 - 17*k - 10. Let x be a(19). Let n = 29 - x. What is the highest common factor of n and 11?
1
Suppose 3*v = 3*r - 78, 2*r + 30*v = 31*v + 51. What is the greatest common factor of r and 625?
25
Let d = 540 + -297. What is the greatest common factor of 324 and d?
81
Let x(y) = -y**2 - 3*y + 95. Let z be x(-10). What is the highest common divisor of z and 10?
5
Suppose v - 33 = -4*k + 51, -3*v = 3*k - 54. Let l = 16 - k. Let m(s) = s**3 + 8*s**2 + 5*s + 8. Let x be m(l). What is the highest common divisor of 20 and x?
10
Let g(b) = -2*b**3 + b + 403. Let j be g(0). Calculate the greatest common divisor of j and 93.
31
Let r = -142 - -367. Calculate the greatest common divisor of r and 18.
9
Let l be 1/(-3)*386*(-954)/212. Calculate the greatest common factor of 3 and l.
3
Suppose 0*t = 2*t - 6. Let r be (-34)/51 - 118/(-6). Let p = r +